{"id":487,"date":"2021-09-27T17:53:29","date_gmt":"2021-09-27T15:53:29","guid":{"rendered":"http:\/\/hervelin.com\/blog\/?page_id=487"},"modified":"2024-03-04T16:40:58","modified_gmt":"2024-03-04T14:40:58","slug":"tutos","status":"publish","type":"page","link":"https:\/\/hervelin.com\/blog\/auto-moto\/toyota-land-cruiser-j12\/tutos","title":{"rendered":"Tutos"},"content":{"rendered":"<h1 style=\"padding-left: 40px; text-align: left;\">Param\u00e9trage d&#8217;une t\u00e9l\u00e9commande sur Toyota Land Cruiser 120<\/h1>\n<pre style=\"text-align: left; padding-left: 40px;\"><em>Source (c) Didier R. sur le groupe <a href=\"https:\/\/www.facebook.com\/groups\/711793732285002\/posts\/1667400940057605\">Facebook<\/a><\/em><\/pre>\n<div class=\"kvgmc6g5 cxmmr5t8 oygrvhab hcukyx3x c1et5uql ii04i59q\">\n<div dir=\"auto\"><a href=\"https:\/\/hervelin.com\/blog\/wp-content\/uploads\/2021\/09\/J120_keys.jpeg\"><img loading=\"lazy\" decoding=\"async\" class=\"alignleft size-medium wp-image-495\" src=\"https:\/\/hervelin.com\/blog\/wp-content\/uploads\/2021\/09\/J120_keys-169x300.jpeg\" alt=\"\" width=\"169\" height=\"300\" srcset=\"https:\/\/hervelin.com\/blog\/wp-content\/uploads\/2021\/09\/J120_keys-169x300.jpeg 169w, https:\/\/hervelin.com\/blog\/wp-content\/uploads\/2021\/09\/J120_keys.jpeg 576w\" sizes=\"auto, (max-width: 169px) 100vw, 169px\" \/><\/a><\/div>\n<div dir=\"auto\" style=\"text-align: left;\">J&#8217;ai achet\u00e9 cette clef sur Aliexpress ( bien contr\u00f4ler le code \u00e0 l&#8217;int\u00e9rieur de votre clef origine pn50171 ).<\/div>\n<div dir=\"auto\" style=\"text-align: left;\">Voici la proc\u00e9dure en 2 parties .<\/div>\n<\/div>\n<div dir=\"auto\"><a href=\"https:\/\/fr.aliexpress.com\/item\/4000761758795.html?spm=a2g0o.productlist.main.63.427c4d7fOL47EV&amp;algo_pvid=0e2d6bae-c0e9-46d1-bd0b-30eb6df66313&amp;algo_exp_id=0e2d6bae-c0e9-46d1-bd0b-30eb6df66313-31&amp;pdp_ext_f=%7B%22sku_id%22%3A%2212000027291636993%22%7D&amp;pdp_npi=2%40dis%21EUR%2117.55%2114.91%21%21%21%21%21%402100b77316687793591543062d0739%2112000027291636993%21sea&amp;curPageLogUid=vNwoivi0ZdJk\" target=\"_blank\" rel=\"noopener\">Aliexpress Nov 2022<\/a><\/div>\n<div class=\"o9v6fnle cxmmr5t8 oygrvhab hcukyx3x c1et5uql ii04i59q\">\n<div dir=\"auto\"><strong>Pr\u00e9requis<\/strong>: Il faut aller faire tailler la clef et s&#8217;assurer qu&#8217;elle ouvre bien les portes et qu&#8217;elle tourne bien dans le neiman &#8230;..<\/div>\n<\/div>\n<div dir=\"auto\"><\/div>\n<div dir=\"auto\"><\/div>\n<div dir=\"auto\"><\/div>\n<div dir=\"auto\"><\/div>\n<div dir=\"auto\" style=\"text-align: left;\"><\/div>\n<div class=\"o9v6fnle cxmmr5t8 oygrvhab hcukyx3x c1et5uql ii04i59q\">\n<h1 dir=\"auto\" style=\"text-align: left;\">A \/ programmation de l&#8217;ouverture\/ fermeture des portes .<\/h1>\n<\/div>\n<div class=\"o9v6fnle cxmmr5t8 oygrvhab hcukyx3x c1et5uql ii04i59q\">\n<div dir=\"auto\">1. porte c\u00f4t\u00e9 conducteur ouverte<\/div>\n<div dir=\"auto\">2. mettez la cl\u00e9 d&#8217;origine entrer et sortir 2 fois la clef<\/div>\n<div dir=\"auto\">3. fermer et ouvrir la porte du conducteur 2 fois<\/div>\n<div dir=\"auto\">4. mettez la cl\u00e9 d&#8217;origine entr\u00e9e et sortie une fois<\/div>\n<div dir=\"auto\">5. fermer et ouvrir la porte du conducteur deux fois<\/div>\n<div dir=\"auto\">6. mettre la clef dans le contact sans tourner la clef<\/div>\n<div dir=\"auto\">7. fermer la porte<\/div>\n<div dir=\"auto\">8. mettre le contact 1 fois pour ajouter une clef ou 2 fois pour param\u00e9trer ou 5 fois pour effacer toutes les clefs &#8230;<\/div>\n<div dir=\"auto\">9. coupez le contact et retirez la cl\u00e9<\/div>\n<div dir=\"auto\">10. les serrures de porte feront un cycle<\/div>\n<\/div>\n<div class=\"o9v6fnle cxmmr5t8 oygrvhab hcukyx3x c1et5uql ii04i59q\">\n<div dir=\"auto\">faites ce qui suit pour toutes les t\u00e9l\u00e9commandes:<\/div>\n<\/div>\n<div class=\"o9v6fnle cxmmr5t8 oygrvhab hcukyx3x c1et5uql ii04i59q\">\n<div dir=\"auto\">ensuite vous avez 40 secondes pour faire ce qui suit .<\/div>\n<div dir=\"auto\">&#8211; Appuyez sur verrouiller et d\u00e9verrouiller ensemble pendant 1 a 3 secondes de la nouvelle t\u00e9l\u00e9commande puis appuyez sur le bouton de verrouillage de la nouvelle t\u00e9l\u00e9commande.<\/div>\n<\/div>\n<div class=\"o9v6fnle cxmmr5t8 oygrvhab hcukyx3x c1et5uql ii04i59q\">\n<div dir=\"auto\">11. la clef actionnera la serrure .<\/div>\n<div dir=\"auto\">12. tester la nouvelle t\u00e9l\u00e9commande en sortant et en essayant d&#8217;ouvrir et fermer les portes .<\/div>\n<\/div>\n<div dir=\"auto\"><\/div>\n<blockquote>\n<p dir=\"auto\">Et je l&#8217;ai fait avec succ\u00e8s \ud83d\ude42<\/p>\n<p dir=\"auto\"><figure class=\"wp-block-embed wp-block-embed-youtube is-type-video is-provider-youtube epyt-figure\"><div class=\"wp-block-embed__wrapper\"><div class=\"epyt-video-wrapper\"><iframe loading=\"lazy\"  id=\"_ytid_76057\"  width=\"474\" height=\"266\"  data-origwidth=\"474\" data-origheight=\"266\"  data-relstop=\"1\" src=\"https:\/\/www.youtube.com\/embed\/edx8F3wm_Nw?enablejsapi=1&autoplay=0&cc_load_policy=0&cc_lang_pref=&iv_load_policy=1&loop=0&rel=0&fs=1&playsinline=0&autohide=2&theme=dark&color=red&controls=1&disablekb=0&\" class=\"__youtube_prefs__  no-lazyload\" title=\"YouTube player\"  allow=\"fullscreen; accelerometer; autoplay; clipboard-write; encrypted-media; gyroscope; picture-in-picture; web-share\" referrerpolicy=\"strict-origin-when-cross-origin\" allowfullscreen data-no-lazy=\"1\" data-skipgform_ajax_framebjll=\"\"><\/iframe><\/div><\/div><\/figure><\/p>\n<\/blockquote>\n<div dir=\"auto\"><\/div>\n<div class=\"o9v6fnle cxmmr5t8 oygrvhab hcukyx3x c1et5uql ii04i59q\">\n<h1 dir=\"auto\">B\/ Programmer l&#8217;anti d\u00e9marrage<\/h1>\n<\/div>\n<div class=\"o9v6fnle cxmmr5t8 oygrvhab hcukyx3x c1et5uql ii04i59q\">\n<h2 dir=\"auto\">M\u00e9thode 1<\/h2>\n<div dir=\"auto\">1. mettez la cl\u00e9 principale originale dans et hors du contact 5 fois. Terminer avec la cl\u00e9 dans l&#8217;allumage (in, out, in, out, in, out, in, out, in)<\/div>\n<div dir=\"auto\">2. ouvrir et fermer la porte conducteur 6 fois<\/div>\n<div dir=\"auto\">3. retirez la cl\u00e9 d&#8217;origine et ins\u00e9rez la nouvelle cl\u00e9 (ne pas tourner la cl\u00e9, il suffit de l&#8217;ins\u00e9rer dans le contact)<\/div>\n<div dir=\"auto\">4. laisser 60 s (ou jusqu&#8217;\u00e0 ce que la lumi\u00e8re s&#8217;\u00e9teigne)<\/div>\n<div dir=\"auto\">5. apr\u00e8s l&#8217;arr\u00eat du voyant de s\u00e9curit\u00e9 60 s, vous pouvez d\u00e9marrer la voiture.<\/div>\n<div dir=\"auto\">6. retirez la cl\u00e9<\/div>\n<div dir=\"auto\">7. ouvrir et fermer la porte et retester le d\u00e9marrage.<\/div>\n<\/div>\n<div class=\"o9v6fnle cxmmr5t8 oygrvhab hcukyx3x c1et5uql ii04i59q\">\n<div dir=\"auto\">ca y es , vous avez une nouvelle clef hitech&#8230;<\/div>\n<\/div>\n<div class=\"o9v6fnle cxmmr5t8 oygrvhab hcukyx3x c1et5uql ii04i59q\">\n<div dir=\"auto\"><\/div>\n<div dir=\"auto\">nb: Si vous faites une erreur \u00e0 tout moment de la proc\u00e9dure, utilisez la cl\u00e9 d&#8217;origine pour d\u00e9marrer la voiture. Sortez la cl\u00e9, ouvrez et fermez la porte.<\/div>\n<\/div>\n<div dir=\"auto\"><\/div>\n<blockquote>\n<div dir=\"auto\">Mais cela n&#8217;a pas fonctionn\u00e9 sur mon VXE &#8230;<\/div>\n<\/blockquote>\n<h2 dir=\"auto\">M\u00e9thode 2:<\/h2>\n<div dir=\"auto\">\u00a0Le boitier \u00e9lectronique aliexpress &#8220;Toyota Smartkey Maker&#8221;:<\/div>\n<div dir=\"auto\"><a href=\"https:\/\/hervelin.com\/blog\/wp-content\/uploads\/2021\/10\/EA308D8C-9899-45B4-A322-B368547887F4-scaled.jpeg\"><img loading=\"lazy\" decoding=\"async\" class=\"alignleft size-medium wp-image-512\" src=\"https:\/\/hervelin.com\/blog\/wp-content\/uploads\/2021\/10\/EA308D8C-9899-45B4-A322-B368547887F4-225x300.jpeg\" alt=\"\" width=\"225\" height=\"300\" srcset=\"https:\/\/hervelin.com\/blog\/wp-content\/uploads\/2021\/10\/EA308D8C-9899-45B4-A322-B368547887F4-225x300.jpeg 225w, https:\/\/hervelin.com\/blog\/wp-content\/uploads\/2021\/10\/EA308D8C-9899-45B4-A322-B368547887F4-768x1024.jpeg 768w, https:\/\/hervelin.com\/blog\/wp-content\/uploads\/2021\/10\/EA308D8C-9899-45B4-A322-B368547887F4-1152x1536.jpeg 1152w, https:\/\/hervelin.com\/blog\/wp-content\/uploads\/2021\/10\/EA308D8C-9899-45B4-A322-B368547887F4-1536x2048.jpeg 1536w, https:\/\/hervelin.com\/blog\/wp-content\/uploads\/2021\/10\/EA308D8C-9899-45B4-A322-B368547887F4-scaled.jpeg 1920w\" sizes=\"auto, (max-width: 225px) 100vw, 225px\" \/><\/a><\/div>\n<div dir=\"auto\"><\/div>\n<div dir=\"auto\"><\/div>\n<div dir=\"auto\"><\/div>\n<div dir=\"auto\"><\/div>\n<div dir=\"auto\"><\/div>\n<div dir=\"auto\"><\/div>\n<div dir=\"auto\"><\/div>\n<div dir=\"auto\"><\/div>\n<div dir=\"auto\"><\/div>\n<div dir=\"auto\"><\/div>\n<div dir=\"auto\"><\/div>\n<div dir=\"auto\"><\/div>\n<div dir=\"auto\"><\/div>\n<div dir=\"auto\"><\/div>\n<div dir=\"auto\">Et le tuto youtube qui va bien:<\/div>\n<div dir=\"auto\"><a href=\"https:\/\/youtu.be\/r_hOQlc73C4\" target=\"_blank\" rel=\"noopener\">Toyota Smartkey maker &#8211; Anti theft key programming<\/a><\/div>\n<div dir=\"auto\"><\/div>\n<div dir=\"auto\">\/!\\ J&#8217;ai rencontr\u00e9 plusieurs fois un soucis avec d&#8217;autres tutos trouv\u00e9s sur youtube.<\/div>\n<div dir=\"auto\"><\/div>\n<div dir=\"auto\"><u>Si apr\u00e8s les manipulations A ou B la led rouge &#8220;security&#8221; (cl\u00e9) clignotte en permanence<\/u> m\u00eame en roulant, il suffit du suivre les instructions dans la video ici:\u00a0<a href=\"https:\/\/youtu.be\/15hMqi6O-wk\" target=\"_blank\" rel=\"noopener\">Reset Security Light (anti theft)<\/a><\/div>\n<div dir=\"auto\"><\/div>\n<div dir=\"auto\"><\/div>\n<div dir=\"auto\"><\/div>\n","protected":false},"excerpt":{"rendered":"<p>Param\u00e9trage d&#8217;une t\u00e9l\u00e9commande sur Toyota Land Cruiser 120 Source (c) Didier R. sur le groupe Facebook J&#8217;ai achet\u00e9 cette clef sur Aliexpress ( bien contr\u00f4ler le code \u00e0 l&#8217;int\u00e9rieur de votre clef origine pn50171 ). Voici la proc\u00e9dure en 2 parties . Aliexpress Nov 2022 Pr\u00e9requis: Il faut aller faire tailler la clef et s&#8217;assurer &hellip; <a href=\"https:\/\/hervelin.com\/blog\/auto-moto\/toyota-land-cruiser-j12\/tutos\" class=\"more-link\">Continue reading <span class=\"screen-reader-text\">Tutos<\/span> <span class=\"meta-nav\">&rarr;<\/span><\/a><\/p>\n","protected":false},"author":2,"featured_media":0,"parent":397,"menu_order":0,"comment_status":"closed","ping_status":"closed","template":"","meta":{"footnotes":""},"class_list":["post-487","page","type-page","status-publish","hentry"],"_links":{"self":[{"href":"https:\/\/hervelin.com\/blog\/wp-json\/wp\/v2\/pages\/487","targetHints":{"allow":["GET"]}}],"collection":[{"href":"https:\/\/hervelin.com\/blog\/wp-json\/wp\/v2\/pages"}],"about":[{"href":"https:\/\/hervelin.com\/blog\/wp-json\/wp\/v2\/types\/page"}],"author":[{"embeddable":true,"href":"https:\/\/hervelin.com\/blog\/wp-json\/wp\/v2\/users\/2"}],"replies":[{"embeddable":true,"href":"https:\/\/hervelin.com\/blog\/wp-json\/wp\/v2\/comments?post=487"}],"version-history":[{"count":13,"href":"https:\/\/hervelin.com\/blog\/wp-json\/wp\/v2\/pages\/487\/revisions"}],"predecessor-version":[{"id":834,"href":"https:\/\/hervelin.com\/blog\/wp-json\/wp\/v2\/pages\/487\/revisions\/834"}],"up":[{"embeddable":true,"href":"https:\/\/hervelin.com\/blog\/wp-json\/wp\/v2\/pages\/397"}],"wp:attachment":[{"href":"https:\/\/hervelin.com\/blog\/wp-json\/wp\/v2\/media?parent=487"}],"curies":[{"name":"wp","href":"https:\/\/api.w.org\/{rel}","templated":true}]}}