{"id":207,"date":"2018-12-16T12:53:37","date_gmt":"2018-12-16T10:53:37","guid":{"rendered":"http:\/\/hervelin.com\/blog\/?page_id=207"},"modified":"2020-11-30T00:09:14","modified_gmt":"2020-11-29T22:09:14","slug":"sante","status":"publish","type":"page","link":"https:\/\/hervelin.com\/blog\/sante","title":{"rendered":"Sant\u00e9"},"content":{"rendered":"<h1>Les huiles essentielles indispensables \u00e0 avoir chez soi<\/h1>\n<h2>LA BERGAMOTE\u00a0(citrus auranticum L bergamia)<\/h2>\n<p style=\"text-align: right;\">Positivante, antistress, antiseptique (surtout ORL), favorise la concentration, la digestion (colique estomac).<\/p>\n<h2>LA CAMOMILLE NOBLE\u00a0(chamaemelum nobile) ou\u00a0CAMOMILLE ROMAINE<\/h2>\n<p style=\"text-align: right;\">Calmante, s\u00e9dative, antalgique, antispasmodique, antiallergique.<\/p>\n<h2>&gt;&gt; L&#8217;EUCALYPTUS RADI\u00c9\u00a0(eucalyptus radiata)<\/h2>\n<p>Antiseptique et stimulante g\u00e9n\u00e9rale, dermites, pathologies ORL.<\/p>\n<h2>LE\u00a0G\u00c9RANIUM ROSAT D&#8217;\u00c9GYPTE\u00a0(Pelargonium roseum cv Egypte)<\/h2>\n<p style=\"text-align: right;\">Anti microbienne puissante (zona, ecz\u00e9ma, mycoses). H\u00e9mostatique, astringente et cicatrisante (br\u00fblures, coupures). Tonique veineux (h\u00e9moro\u00efdes), tonique nerveux (fatigue, depression, surmenage), relaxante, anti-douleurs (rhumatismes, tendinites), insectifuge (moustiques).<\/p>\n<h2>L&#8217;IMMORTELLE\u00a0(Helichrysum italicum) ou\u00a0HELICHRYSE<\/h2>\n<h2>ITALIENNE: Antih\u00e9matome, rhinite, cicatrisante, phl\u00e9bite.<\/h2>\n<h2>LA LAVANDE ASPIC\u00a0(Lavandula latifolia)<\/h2>\n<p style=\"text-align: right;\">Antiseptique, cicatrisante, antalgique, apaisante (piqures d\u2019insectes, de m\u00e9duses, brulures).<\/p>\n<h2>LA MANDARINE ROUGE\u00a0(citrus r\u00e9ticula var mandarine)<\/h2>\n<p style=\"text-align: right;\">Calmante, s\u00e9dative, relaxante, Tonique digestif, antispasmodique (Hoquet), antiseptique, antifongique, cosm\u00e9tique (vieillissement de la peau, acn\u00e9, cellulite, elle r\u00e9g\u00e9n\u00e8re la peau).<\/p>\n<h2>&gt;&gt; LA MENTHE POIVR\u00c9E\u00a0(Mentha x piperita)<\/h2>\n<p style=\"text-align: right;\">Tonique digestive, nerveuse, antalgique, antiseptique g\u00e9n\u00e9rale, d\u00e9congestionnante.<\/p>\n<h2>&gt;&gt; LE RAVINTSARA\u00a0(Cinnamomum camphora)<\/h2>\n<p style=\"text-align: right;\">Puissamment antimicrobienne, antivirale, immunostimulante (grippe, zona, herp\u00e8s, h\u00e9patites et ent\u00e9rites), d\u00e9congestionnante des voies respiratoires, \u00e9nergisante.<\/p>\n<h2>LE TEA TREE\u00a0(Melaleuca alternifolia) ou Arbre \u00e0 Th\u00e9<\/h2>\n<p style=\"text-align: right;\">Anti-infectieuse g\u00e9n\u00e9rale, antiparasitaire, phl\u00e9botonique, apaisante (d\u00e9mangeaisons), stimulante et tonique.<\/p>\n","protected":false},"excerpt":{"rendered":"<p>Les huiles essentielles indispensables \u00e0 avoir chez soi LA BERGAMOTE\u00a0(citrus auranticum L bergamia) Positivante, antistress, antiseptique (surtout ORL), favorise la concentration, la digestion (colique estomac). LA CAMOMILLE NOBLE\u00a0(chamaemelum nobile) ou\u00a0CAMOMILLE ROMAINE Calmante, s\u00e9dative, antalgique, antispasmodique, antiallergique. &gt;&gt; L&#8217;EUCALYPTUS RADI\u00c9\u00a0(eucalyptus radiata) Antiseptique et stimulante g\u00e9n\u00e9rale, dermites, pathologies ORL. LE\u00a0G\u00c9RANIUM ROSAT D&#8217;\u00c9GYPTE\u00a0(Pelargonium roseum cv Egypte) Anti microbienne &hellip; <a href=\"https:\/\/hervelin.com\/blog\/sante\" class=\"more-link\">Continue reading <span class=\"screen-reader-text\">Sant\u00e9<\/span> <span class=\"meta-nav\">&rarr;<\/span><\/a><\/p>\n","protected":false},"author":2,"featured_media":0,"parent":0,"menu_order":0,"comment_status":"closed","ping_status":"closed","template":"page-templates\/full-width.php","meta":{"footnotes":""},"class_list":["post-207","page","type-page","status-publish","hentry"],"_links":{"self":[{"href":"https:\/\/hervelin.com\/blog\/wp-json\/wp\/v2\/pages\/207","targetHints":{"allow":["GET"]}}],"collection":[{"href":"https:\/\/hervelin.com\/blog\/wp-json\/wp\/v2\/pages"}],"about":[{"href":"https:\/\/hervelin.com\/blog\/wp-json\/wp\/v2\/types\/page"}],"author":[{"embeddable":true,"href":"https:\/\/hervelin.com\/blog\/wp-json\/wp\/v2\/users\/2"}],"replies":[{"embeddable":true,"href":"https:\/\/hervelin.com\/blog\/wp-json\/wp\/v2\/comments?post=207"}],"version-history":[{"count":5,"href":"https:\/\/hervelin.com\/blog\/wp-json\/wp\/v2\/pages\/207\/revisions"}],"predecessor-version":[{"id":373,"href":"https:\/\/hervelin.com\/blog\/wp-json\/wp\/v2\/pages\/207\/revisions\/373"}],"wp:attachment":[{"href":"https:\/\/hervelin.com\/blog\/wp-json\/wp\/v2\/media?parent=207"}],"curies":[{"name":"wp","href":"https:\/\/api.w.org\/{rel}","templated":true}]}}