{"id":19,"date":"2015-01-26T20:31:52","date_gmt":"2015-01-26T19:31:52","guid":{"rendered":"http:\/\/hervelin.com\/blog\/?page_id=19"},"modified":"2024-08-28T18:00:40","modified_gmt":"2024-08-28T16:00:40","slug":"home","status":"publish","type":"page","link":"https:\/\/hervelin.com\/blog\/","title":{"rendered":"Home"},"content":{"rendered":"<h1>Welcome to my blog!<\/h1>\n<p>Please forgive me for mixing French and English on this blog &#8230; I am balanced between the two languages!!!<\/p>\n<p>&nbsp;<\/p>\n<h1>Bienvenue sur mon blog!<\/h1>\n<p>Veuillez me pardonner pour le m\u00e9lange du fran\u00e7ais et de l&#8217;anglais sur ce blog &#8230; je suis en \u00e9quilibre en les deux langues !!!<\/p>\n<p>&nbsp;<\/p>\n","protected":false},"excerpt":{"rendered":"<p>Welcome to my blog! Please forgive me for mixing French and English on this blog &#8230; I am balanced between the two languages!!! &nbsp; Bienvenue sur mon blog! Veuillez me pardonner pour le m\u00e9lange du fran\u00e7ais et de l&#8217;anglais sur ce blog &#8230; je suis en \u00e9quilibre en les deux langues !!! &nbsp;<\/p>\n","protected":false},"author":2,"featured_media":0,"parent":0,"menu_order":0,"comment_status":"open","ping_status":"open","template":"","meta":{"footnotes":""},"class_list":["post-19","page","type-page","status-publish","hentry"],"_links":{"self":[{"href":"https:\/\/hervelin.com\/blog\/wp-json\/wp\/v2\/pages\/19","targetHints":{"allow":["GET"]}}],"collection":[{"href":"https:\/\/hervelin.com\/blog\/wp-json\/wp\/v2\/pages"}],"about":[{"href":"https:\/\/hervelin.com\/blog\/wp-json\/wp\/v2\/types\/page"}],"author":[{"embeddable":true,"href":"https:\/\/hervelin.com\/blog\/wp-json\/wp\/v2\/users\/2"}],"replies":[{"embeddable":true,"href":"https:\/\/hervelin.com\/blog\/wp-json\/wp\/v2\/comments?post=19"}],"version-history":[{"count":4,"href":"https:\/\/hervelin.com\/blog\/wp-json\/wp\/v2\/pages\/19\/revisions"}],"predecessor-version":[{"id":924,"href":"https:\/\/hervelin.com\/blog\/wp-json\/wp\/v2\/pages\/19\/revisions\/924"}],"wp:attachment":[{"href":"https:\/\/hervelin.com\/blog\/wp-json\/wp\/v2\/media?parent=19"}],"curies":[{"name":"wp","href":"https:\/\/api.w.org\/{rel}","templated":true}]}}